
{"id":916,"date":"2024-12-17T16:16:32","date_gmt":"2024-12-17T16:16:32","guid":{"rendered":"https:\/\/perandkens.com\/?page_id=916"},"modified":"2025-05-05T19:03:27","modified_gmt":"2025-05-05T19:03:27","slug":"cabo-norte-2024","status":"publish","type":"page","link":"https:\/\/perandkens.com\/?page_id=916","title":{"rendered":"Cabo Norte 2024"},"content":{"rendered":"\n<figure class=\"wp-block-image size-large\"><a href=\"https:\/\/www.youtube.com\/watch?v=6E72drghOUY\"><img decoding=\"async\" width=\"1024\" height=\"576\" data-src=\"https:\/\/perandkens.com\/wp-content\/uploads\/2024\/12\/Portada-1024x576.jpg\" alt=\"\" class=\"wp-image-917 lazyload\" data-srcset=\"https:\/\/perandkens.com\/wp-content\/uploads\/2024\/12\/Portada-1024x576.jpg 1024w, https:\/\/perandkens.com\/wp-content\/uploads\/2024\/12\/Portada-300x169.jpg 300w, https:\/\/perandkens.com\/wp-content\/uploads\/2024\/12\/Portada-768x432.jpg 768w, https:\/\/perandkens.com\/wp-content\/uploads\/2024\/12\/Portada-1536x864.jpg 1536w, https:\/\/perandkens.com\/wp-content\/uploads\/2024\/12\/Portada-700x394.jpg 700w, https:\/\/perandkens.com\/wp-content\/uploads\/2024\/12\/Portada-1100x619.jpg 1100w, https:\/\/perandkens.com\/wp-content\/uploads\/2024\/12\/Portada.jpg 1920w\" data-sizes=\"(max-width: 1024px) 100vw, 1024px\" src=\"data:image\/svg+xml;base64,PHN2ZyB3aWR0aD0iMSIgaGVpZ2h0PSIxIiB4bWxucz0iaHR0cDovL3d3dy53My5vcmcvMjAwMC9zdmciPjwvc3ZnPg==\" style=\"--smush-placeholder-width: 1024px; --smush-placeholder-aspect-ratio: 1024\/576;\" \/><\/a><\/figure>\n\n\n\n<p><a href=\"https:\/\/perandkens.com\/?p=920\"><strong>Cap\u00edtulo 1 &#8211; La Preparaci\u00f3n<\/strong><\/a><br><a href=\"https:\/\/perandkens.com\/?p=929\"><strong>Cap\u00edtulo 2 &#8211; Huelva &#8211; Burgos<\/strong><\/a><br><a href=\"https:\/\/perandkens.com\/?p=944\"><strong>Cap\u00edtulo 3 &#8211; Burgos &#8211; Saint \u00c9pain<\/strong><\/a><br><strong><a href=\"https:\/\/perandkens.com\/?p=963\">Cap\u00edtulo 4 &#8211; Saint \u00c9pain &#8211; Roetgen<\/a><\/strong><br><strong><a href=\"https:\/\/perandkens.com\/?p=982\">Cap\u00edtulo 5 &#8211; Roetgen &#8211; Sakskobing<\/a><\/strong><br><strong><a href=\"https:\/\/perandkens.com\/?p=1002\">Cap\u00edtulo 6 \u2013 Sakskobing \u2013 Estocolmo<\/a><\/strong><br><strong><a href=\"https:\/\/perandkens.com\/?p=1020\">Cap\u00edtulo 7 \u2013 Estocolmo \u2013 Nydala<\/a><\/strong><br><strong><a href=\"https:\/\/perandkens.com\/?p=1038\">Cap\u00edtulo 8 &#8211; Nydala &#8211; Sodankyla<\/a><\/strong><br><strong><a href=\"https:\/\/perandkens.com\/?p=1056\">Cap\u00edtulo 9 &#8211; Sodankyla &#8211; Cabo Norte<\/a><\/strong><br><a href=\"https:\/\/perandkens.com\/?p=1084\"><strong>Cap\u00edtulo 10 &#8211; Cabo Norte &#8211; Skibotn<\/strong><\/a><br><strong><a href=\"https:\/\/perandkens.com\/?p=1111\">Cap\u00edtulo 11 &#8211; Skibotn &#8211; Kongsmark<\/a><\/strong><br><strong><a href=\"https:\/\/perandkens.com\/?p=1134\">Cap\u00edtulo 12 &#8211; Kongsmark<\/a><\/strong><br><a href=\"https:\/\/perandkens.com\/?p=1142\"><strong>Cap\u00edtulo 13 &#8211; Kongsmark &#8211; Salstraumenn<\/strong><\/a><br><strong><a href=\"https:\/\/perandkens.com\/?p=1170\">Cap\u00edtulo 14 &#8211; Salstraumenn &#8211; Grong<\/a><\/strong><br><strong><a href=\"https:\/\/perandkens.com\/?p=1195\">Cap\u00edtulo 15 &#8211; Grong &#8211; Trollstigen<\/a><\/strong><br><strong><a href=\"https:\/\/perandkens.com\/?p=1241\">Cap\u00edtulo 16 &#8211; Trollstigen &#8211; Luster<\/a><\/strong><br><a href=\"https:\/\/perandkens.com\/?p=1276\"><strong>Cap\u00edtulo 17 &#8211; Luster &#8211; Gjerdmundshamn<\/strong><\/a><br><strong><a href=\"https:\/\/perandkens.com\/?p=1305\">Cap\u00edtulo 18 \u2013 Gjerdmundshamn &#8211; Preikestolen<\/a><\/strong><br><strong><a href=\"https:\/\/perandkens.com\/?p=1335\">Cap\u00edtulo 19 &#8211; Preikestolen &#8211; Kristiansand<\/a><\/strong><br><strong><a href=\"https:\/\/perandkens.com\/?p=1356\">Cap\u00edtulo 20 &#8211; Kristiansand &#8211; Hamburgo<\/a><\/strong><br><strong><a href=\"https:\/\/perandkens.com\/?p=1374\">Cap\u00edtulo 21 &#8211; Hamburgo &#8211; Gravendeel<\/a><\/strong><br><strong><a href=\"https:\/\/perandkens.com\/?p=1386\">Cap\u00edtulo 22 &#8211; Gravendeel &#8211; Condette<\/a><\/strong><br><strong><a href=\"https:\/\/perandkens.com\/?p=1408\">Cap\u00edtulo 23 &#8211; Condette &#8211; Normad\u00eda<\/a><\/strong><br><strong><a href=\"https:\/\/perandkens.com\/?p=1430\">Cap\u00edtulo 24 &#8211; Normand\u00eda &#8211; Labouheyre<\/a><\/strong><br><strong><a href=\"https:\/\/perandkens.com\/?p=1445\">Cap\u00edtulo 25 \u2013 Labouheyre &#8211; Huelva<\/a><\/strong><\/p>\n\n\n\n<p><\/p>\n\n\n\n<p><\/p>\n\n\n\n<p><\/p>\n","protected":false},"excerpt":{"rendered":"<p>Cap\u00edtulo 1 &#8211; La Preparaci\u00f3nCap\u00edtulo 2 &#8211; Huelva &#8211; BurgosCap\u00edtulo 3 &#8211; Burgos &#8211; Saint \u00c9painCap\u00edtulo 4 &#8211; Saint \u00c9pain &#8211; RoetgenCap\u00edtulo 5 &#8211; Roetgen &#8211; SakskobingCap\u00edtulo 6 \u2013 Sakskobing \u2013 EstocolmoCap\u00edtulo 7 \u2013 Estocolmo \u2013 NydalaCap\u00edtulo 8 &#8211; Nydala &#8211; SodankylaCap\u00edtulo 9 &#8211; Sodankyla&#8230;<\/p>\n","protected":false},"author":1,"featured_media":0,"parent":0,"menu_order":0,"comment_status":"closed","ping_status":"closed","template":"","meta":{"footnotes":""},"class_list":["post-916","page","type-page","status-publish","hentry"],"_links":{"self":[{"href":"https:\/\/perandkens.com\/index.php?rest_route=\/wp\/v2\/pages\/916","targetHints":{"allow":["GET"]}}],"collection":[{"href":"https:\/\/perandkens.com\/index.php?rest_route=\/wp\/v2\/pages"}],"about":[{"href":"https:\/\/perandkens.com\/index.php?rest_route=\/wp\/v2\/types\/page"}],"author":[{"embeddable":true,"href":"https:\/\/perandkens.com\/index.php?rest_route=\/wp\/v2\/users\/1"}],"replies":[{"embeddable":true,"href":"https:\/\/perandkens.com\/index.php?rest_route=%2Fwp%2Fv2%2Fcomments&post=916"}],"version-history":[{"count":26,"href":"https:\/\/perandkens.com\/index.php?rest_route=\/wp\/v2\/pages\/916\/revisions"}],"predecessor-version":[{"id":1459,"href":"https:\/\/perandkens.com\/index.php?rest_route=\/wp\/v2\/pages\/916\/revisions\/1459"}],"wp:attachment":[{"href":"https:\/\/perandkens.com\/index.php?rest_route=%2Fwp%2Fv2%2Fmedia&parent=916"}],"curies":[{"name":"wp","href":"https:\/\/api.w.org\/{rel}","templated":true}]}}